is divided by 4284?
38
Calculate the remainder when 2364314215 is divided by 22.
21
What is the remainder when 2492692 is divided by 6391?
202
Calculate the remainder when 50461 is divided by 47674.
2787
What is the remainder when 162995 is divided by 608?
51
What is the remainder when 796444204 is divided by 11?
6
Calculate the remainder when 10386863 is divided by 5193417.
29
What is the remainder when 37763354 is divided by 261?
47
What is the remainder when 44076229 is divided by 62?
57
Calculate the remainder when 734735 is divided by 56471.
612
Calculate the remainder when 79835 is divided by 6640.
155
What is the remainder when 58020499 is divided by 1332?
1243
What is the remainder when 23257717 is divided by 40?
37
Calculate the remainder when 331571785 is divided by 101.
97
Calculate the remainder when 16271371 is divided by 3254203.
356
Calculate the remainder when 948161 is divided by 174.
35
What is the remainder when 123230 is divided by 40780?
890
Calculate the remainder when 412824 is divided by 2517.
36
Calculate the remainder when 9968103 is divided by 261.
252
What is the remainder when 57781057 is divided by 59?
56
What is the remainder when 153376568 is divided by 8072450?
18
What is the remainder when 205116418 is divided by 30?
28
What is the remainder when 8196 is divided by 1974?
300
Calculate the remainder when 41830 is divided by 4126.
570
What is the remainder when 1074253 is divided by 23?
15
What is the remainder when 412531 is divided by 412521?
10
What is the remainder when 54827 is divided by 658?
213
What is the remainder when 87150 is divided by 43476?
198
What is the remainder when 403547 is divided by 845?
482
Calculate the remainder when 92208882 is divided by 2254.
2250
Calculate the remainder when 7340634 is divided by 1316.
1302
Calculate the remainder when 85561707 is divided by 17.
10
Calculate the remainder when 123621 is divided by 10229.
873
Calculate the remainder when 454943 is divided by 107.
86
Calculate the remainder when 14895316 is divided by 10.
6
What is the remainder when 202641 is divided by 181?
102
Calculate the remainder when 40474519 is divided by 703.
700
Calculate the remainder when 351953341 is divided by 141.
139
Calculate the remainder when 1474615 is divided by 13166.
23
Calculate the remainder when 4707434 is divided by 157.
103
What is the remainder when 191102 is divided by 1249?
5
What is the remainder when 1233030 is divided by 205499?
36
Calculate the remainder when 1886515 is divided by 572.
59
Calculate the remainder when 3321882 is divided by 1067.
311
Calculate the remainder when 4368 is divided by 585.
273
Calculate the remainder when 710169 is divided by 87.
75
What is the remainder when 28643806 is divided by 69?
43
What is the remainder when 22081860 is divided by 5520455?
40
What is the remainder when 614895 is divided by 54?
51
Calculate the remainder when 293740 is divided by 887.
143
What is the remainder when 1543254 is divided by 183?
15
What is the remainder when 1833565 is divided by 481?
474
Calculate the remainder when 7709834 is divided by 3326.
166
Calculate the remainder when 860367 is divided by 5031.
66
Calculate the remainder when 1443428 is divided by 93.
68
Calculate the remainder when 146940 is divided by 20244.
5232
Calculate the remainder when 108881275 is divided by 8.
3
What is the remainder when 468843 is divided by 234421?
1
Calculate the remainder when 3462681 is divided by 9184.
313
Calculate the remainder when 712071 is divided by 1846.
1361
What is the remainder when 351044 is divided by 58504?
20
Calculate the remainder when 124900 is divided by 7346.
18
Calculate the remainder when 237344546 is divided by 1598.
1596
Calculate the remainder when 803560 is divided by 1039.
413
Calculate the remainder when 524633 is divided by 262241.
151
Calculate the remainder when 100565292 is divided by 527.
517
Calculate the remainder when 18968708 is divided by 233.
178
What is the remainder when 3831 is divided by 3094?
737
What is the remainder when 14492689 is divided by 392?
57
What is the remainder when 544833 is divided by 61?
42
What is the remainder when 11313421 is divided by 99?
97
Calculate the remainder when 51487 is divided by 15.
7
Calculate the remainder when 156591536 is divided by 186.
182
Calculate the remainder when 122385 is divided by 7526.
1969
What is the remainder when 31263381 is divided by 25710?
21
Calculate the remainder when 21484 is divided by 1009.
295
What is the remainder when 9817 is divided by 1686?
1387
What is the remainder when 2041102 is divided by 2113?
2057
Calculate the remainder when 1271957 is divided by 57816.
5
Calculate the remainder when 8977301 is divided by 3433.
6
Calculate the remainder when 1376997 is divided by 2025.
2022
Calculate the remainder when 1438155 is divided by 364.
355
Calculate the remainder when 58512 is divided by 1542.
1458
Calculate the remainder when 5386861 is divided by 239.
40
What is the remainder when 180643889 is divided by 5?
4
What is the remainder when 723937 is divided by 45218?
449
Calculate the remainder when 749724 is divided by 1470.
24
What is the remainder when 48256176 is divided by 3891?
3885
What is the remainder when 23657063 is divided by 92?
91
What is the remainder when 2965519 is divided by 1042?
1029
Calculate the remainder when 107749595 is divided by 16.
11
What is the remainder when 27286596 is divided by 2251?
2225
Calculate the remainder when 578340 is divided by 115661.
35
What is the remainder when 294989 is divided by 2027?
1074
Calculate the remainder when 195366 is divided by 5801.
3933
Calculate the remainder when 39261 is divided by 4282.
723
Calculate the remainder when 300483 is divided by 3662.
199
What is the remainder when 23770 is divided by 2583?
523
Calculate the remainder when 13809577 is divided by 190.
187
Calculate the remainder when 28357073 is divided by 20.
13
What is the remainder when 1367291 is divided by 186?
5
What is the remainder when 5223307 is divided by 856?
851
What is the remainder when 2080427 is divided by 2080322?
105
What is the remainder when 4085198 is divided by 46?
30
Calculate the remainder when 831009 is divided by 519.
90
What is the remainder when 19448281 is divided by 7?
6
What is the remainder when 248664 is divided by 47478?
11274
What is the remainder when 3485603 is divided by 1723?
1697
Calculate the remainder when 557132 is divided by 560.
492
Calculate the remainder when 288009 is divided by 122.
89
What is the remainder when 117314 is divided by 29326?
10
What is the remainder when 8170545 is divided by 2723462?
159
What is the remainder when 694230 is divided by 33046?
264
Calculate the remainder when 169454 is divided by 83491.
2472
Calculate the remainder when 141366 is divided by 6.
0
Calculate the remainder when 20176 is divided by 6635.
271
What is the remainder when 24531429 is divided by 80?
69
Calculate the remainder when 17201198 is divided by 532.
42
What is the remainder when 2312042 is divided by 41?
11
What is the remainder when 401113 is divided by 5144?
5025
What is the remainder when 48388167 is divided by 1640?
1607
What is the remainder when 46880768 is divided by 6270?
6248
Calculate the remainder when 48954 is divided by 167.
23
Calculate the remainder when 152136 is divided by 1348.
1160
Calculate the remainder when 4738155 is divided by 9.
6
What is the remainder when 3673 is divided by 1243?
1187
What is the remainder when 10323522 is divided by 1400?
1322
What is the remainder when 70513338 is divided by 5456?
5450
What is the remainder when 256596 is divided by 10690?
36
What is the remainder when 13489940 is divided by 2697985?
15
Calculate the remainder when 1449808 is divided by 241.
193
Calculate the remainder when 3081614 is divided by 1464.
1358
Calculate the remainder when 492039 is divided by 64.
7
What is the remainder when 7497223 is divided by 2175?
2173
Calculate the remainder when 780555 is divided by 2738.
225
Calculate the remainder when 56423 is divided by 13482.
2495
What is the remainder when 252107866 is divided by 13?
10
What is the remainder when 6958637 is divided by 10722?
59
Calculate the remainder when 596875 is divided by 3443.
1236
Wha